 g = 15 + m. What is the units digit of g?
7
Let o = 218 - 136. Suppose -o = -5*z - 7. What is the units digit of z?
5
Let r be ((-2)/(-3))/(2/(-84)). Let y = -11 - r. What is the units digit of y?
7
What is the units digit of (-27)/(-6) + 2/4?
5
What is the units digit of (-2189)/(-22)*(0 - -2)?
9
Let d be ((-2)/5)/((-5)/625). Let c = 7 - d. Let u = -28 - c. What is the tens digit of u?
1
Let o(n) = 2*n - 10. Let z be o(8). What is the units digit of (z/(-4))/((-2)/8)?
6
Let v(u) = -8*u - 20. What is the tens digit of v(-7)?
3
Let g = -10 + 16. What is the units digit of 86/6 + (-2)/g?
4
Let q(z) = z**3 - 4*z**2 + z - 5. Let o be q(4). Let c(f) = -7*f**3 - f**2 + f + 1. What is the units digit of c(o)?
6
Let t be -32*4/(-8)*1. Suppose 2*v = -2*s + 30, -s - 6*v = -4*v - t. What is the tens digit of s?
1
Suppose 4*p = 3*p + 5*b + 5, -2*p + 21 = b. Suppose 8 = 3*a + 5*g, -4*g = -3*a + 6*a - p. What is the units digit of a?
6
Let j = 2 + 0. What is the units digit of j/(-5) - (-57)/5?
1
What is the units digit of (-1)/3 + (-125)/(-15)?
8
Suppose 0 = 5*n + 2*h - 3*h + 33, -h = -n - 9. Let l(d) = d**2 - 8*d. Let y be l(5). What is the units digit of n/y - 33/(-5)?
7
Let n(q) = 9*q**2 - 2. Let f be n(-2). Let g = f - 24. What is the units digit of g?
0
Suppose 4*l - 2*w - 452 = 0, 0*w = l - 3*w - 118. What is the units digit of l/5 + 4/(-10)?
2
Let r(a) = a. Let c(k) = 6*k - 8. Let q(t) = c(t) - 5*r(t). Let u be q(11). Suppose 4*z = 4*n + 12, 2*n - 9 = -u*z - n. What is the units digit of z?
3
Let h be -1 + 15*1 + 1. Let w = 3 + h. Suppose 0*t + w = 3*t. What is the units digit of t?
6
Let n(f) = -f**3 + f**2 - f + 3. Let v be n(0). Suppose 7*q - v*q = -4*c, 5*q + 18 = 4*c. What is the units digit of c?
2
Let x(v) = 4*v - 2. Let r(s) = -3*s + 1. Let o(l) = -6*r(l) - 4*x(l). Suppose -c + 13 = -5*z + 36, -c - z = -7. What is the units digit of o(c)?
6
Suppose 4*w + w = 3*c - 355, -3*w = -5*c + 565. Suppose -c = 2*j - 7*j. What is the tens digit of j?
2
Let g be 5/2 + 7/14. What is the units digit of (g + 0/(-3))*1?
3
Suppose 2*v = 4*v - 2*w + 14, -4*v - 3 = w. What is the units digit of 1 - -1 - v*4?
0
Let j(u) = -u**3 - 4*u**2 - 4*u - 2. Suppose i = 3*i + 8. Let t be j(i). Let z = -10 + t. What is the units digit of z?
4
Let y(o) = 2*o**2 + 8*o - 4. What is the units digit of y(-8)?
0
Let d(n) = 4*n - 4*n**2 - 4 + 3*n**2 + 3*n**2. Let f be d(-4). Suppose -f*l = -11*l - 3. What is the units digit of l?
3
Let s = 7 - -1. Let r = s - 5. Let q(o) = o**2 - 2*o + 2. What is the units digit of q(r)?
5
Let t(i) = -2*i - 1. Let q be t(-2). Suppose p = -q*p + 3*h + 9, 3*h - 15 = -4*p. What is the units digit of p?
3
Let r = -4 + 6. Let g(i) = i**3 - 2*i**2 + i + 1. What is the units digit of g(r)?
3
Let p be 2/8 + 30/8. Let z(h) = h - 5. Let k be z(p). Let c = 3 + k. What is the units digit of c?
2
Let k = 0 - -3. Suppose 30 = k*c - c. What is the units digit of c?
5
Suppose 5*b - 35 = -10. Suppose b*s + 5*r + 4 = 69, 2*s + 4 = 4*r. What is the units digit of s?
8
Let q = -1 + 2. Let n(c) = -3*c**2 + 2*c - 1. Let w be n(q). What is the units digit of (w - 1/(-3))*-3?
5
Suppose -7*x + 6 + 22 = 0. Suppose 46 = -3*q + x*q. What is the tens digit of q?
4
What is the units digit of (4/8*57)/((-1)/(-2))?
7
Suppose 489 + 231 = 3*y. What is the units digit of y/18*(-3)/(-1)?
0
Suppose 189 = -7*a + 10*a. What is the tens digit of a?
6
Let k = 82 - 38. Let w = -11 + k. Suppose -3 = -4*v + h, 2*h - w + 13 = -5*v. What is the units digit of v?
2
Let p = 119 - 52. What is the tens digit of p?
6
Let a(c) be the third derivative of -c**2 - 1/24*c**4 + 0 + 11/6*c**3 + 0*c. What is the units digit of a(5)?
6
Let c(p) = p**3 + 14*p**2 - 31*p + 17. What is the units digit of c(-16)?
1
Let f be 44/154 + 1838/(-14). Let n = -75 - f. What is the tens digit of n?
5
Suppose -2*p + 291 = -5*h - 9, 0 = -4*p - 5*h + 600. Suppose 8*b - p = 3*b. Let m = -16 + b. What is the units digit of m?
4
Suppose 4*v = 3*i - 72, -70 - 24 = -5*i - 2*v. What is the tens digit of i?
2
Let a(s) = s + 6. Let t be a(-6). Suppose t = -4*k - k + 85. What is the tens digit of k?
1
Suppose z - 18 = -4*b + b, -2*z = -2*b - 4. Suppose 3*f = 18 + z. What is the units digit of f?
8
Let h = 11 + -37. Let l = h + 40. What is the units digit of l?
4
Suppose -27 = -x - 2*x - 5*p, 4*p - 12 = 0. Suppose 2 = x*o - 6. Suppose 7 = 3*z - o. What is the units digit of z?
3
Suppose 3*t = -4*i + 74, -5*i - 4 = 1. Suppose -4*c - n - 123 = -0*n, 5*n + t = -c. What is the tens digit of (-4)/12 - c/3?
1
Let t = 10 + 46. What is the units digit of t?
6
Suppose 55 + 60 = 5*t. What is the units digit of t?
3
Let q(v) = -v**3 - v + 34. Let a(j) = -j**3 - 2*j**2 + 2*j - 3. Let s be a(-3). Let x be q(s). Suppose 5*n = 21 + x. What is the tens digit of n?
1
Suppose 0*q = 2*v - q - 76, v - 3*q - 48 = 0. Suppose v = 4*f - 2*p + 4*p, 27 = 3*f - 4*p. What is the units digit of f?
9
Suppose d = 2*d - 4. What is the units digit of ((-6)/d)/((-15)/100)?
0
What is the units digit of 2 - (0 - (22 + 0))?
4
Let j = 17 + -11. Let f(o) be the first derivative of o**2 - 6*o + 7. What is the units digit of f(j)?
6
Let i(s) = -s. Let t be i(0). Let f(r) = -3*r - 2*r - r**2 - r**2 + 4 + t*r**2 + r**3. What is the units digit of f(4)?
6
Suppose -218 = -7*n + 83. What is the tens digit of n?
4
Let l be (-5)/((-10)/8) + 0. Let a be ((-3)/2)/((-2)/l). Suppose 5*n - 7 = -2*p, 0 = n + p + a - 2. What is the units digit of n?
3
Suppose 2*q + 298 = 4*y, -4*q + 536 = 5*y + 131. What is the tens digit of y?
7
Suppose 0 = -4*h + 4*o - 40, 17 = -2*h - 0*o + o. Let u = 11 + h. Suppose 5 = -u*j + 29. What is the units digit of j?
6
Let z(n) = n**3 + 5*n**2 - 7*n - 3. Let f be z(-6). Let q(s) = -s**3 + 6*s**2 - 3*s - 2. Let y be q(4). What is the tens digit of -3 + f + y - -3?
2
What is the tens digit of ((-43)/4)/(3/(-12))?
4
Let j = -33 - -67. What is the units digit of j?
4
Let y = -45 + 111. Suppose 66 = 4*i - y. What is the units digit of i?
3
Suppose 0*p - g = 2*p, -5*p = -g + 7. Let v be (2 + -1 + p)/(-1). Suppose v*m + 5 = m. What is the units digit of m?
5
Suppose -5*w = -2 - 3. Let m = 0 + 0. Suppose h - w = -m*h. What is the units digit of h?
1
Let o(q) = q**3 - 5*q**2 - 5*q - 8. Let n be o(6). What is the units digit of n - -23*(2 + -1)?
1
Suppose 7 = 4*m + 3, -4*m + 1 = -3*j. What is the units digit of j?
1
Let p(u) = -7*u**3 - u + 7*u**2 - 2 + 6*u**3 + 2*u. What is the units digit of p(7)?
5
Let h = 29 - 17. What is the units digit of h?
2
What is the units digit of ((-155)/20)/((3/(-4))/3)?
1
Let b be (-2)/8 + (-5)/(-4). Let s = -52 - -54. Suppose -r + s = -b. What is the units digit of r?
3
What is the hundreds digit of 1 + 0 + (393 - -20)?
4
What is the hundreds digit of (-1)/(-5) - (-3 - (-1842)/(-15))?
1
Let k = 64 - 38. What is the units digit of k?
6
Let c = 15 - 11. Suppose l - 3*r = -2*r - 1, -c*r + 8 = 0. What is the units digit of l?
1
Let w(x) = 4*x**2 - 1. Let d be w(1). Let k(j) = -j**2 + 4*j. Let a be k(d). Suppose -a*v + 4*o + 26 = 0, -o + 4*o + 15 = 0. What is the units digit of v?
2
Let d = 421 + -21. What is the tens digit of d?
0
Suppose -5*g + 5 = -20. Let a = 19 - g. What is the units digit of a?
4
Let l(z) = z**2 + 3*z - 4. Let q be l(-4). Let g = q - 1. Let x = 6 + g. What is the units digit of x?
5
Let w(q) = -q**2 - 4*q - 1. Let k be w(-2). Suppose h + 3*i + 5 = 0, 5*i = -k*h - 3 - 0. Suppose h*c + 2 = 6. What is the units digit of c?
1
Let l = 120 + -49. What is the tens digit of l?
7
Suppose -w - 11 = 3*x, -2*w - 3*x + 2*x = -3. Let s be (4/8)/(3/18). Suppose v + v - w*z - 12 = 0, 0 = -3*v + s*z + 18. What is the units digit of v?
6
Suppose -s = 3*s - 4. What is the units digit of s?
1
Let l = 29 - 20. Let x(p) = p**3 - 11*p**2 + 13*p - 12. Let h be x(10). Let f = h - l. What is the units digit of f?
9
Suppose 0*m = -2*m - 40. What is the tens digit of ((-18)/(-5))/((-6)/m)?
1
Suppose -5*g - 2*t + 21 = 0, 0 = -5*g + t - 2*t + 18. What is the units digit of 1/g + 11/3?
4
Let h = -115 + 167. What is the units digit of h?
2
Let o = -15 - -63. What is the tens digit of o?
4
Suppose -5*n + 4*u = -342, 0 = n + n + u - 142. What is the units digit of n?
0
Let g(j) = j**3 - 6*j**2 - 8*j + 5. Let b be g(7). What is the units digit 